site?
True
Is 8880689 composite?
False
Is 13615937 prime?
True
Is 63192743 a prime number?
False
Is 3287957 prime?
True
Is 8389219 composite?
False
Is 949019 a composite number?
False
Is 15340343 a composite number?
False
Is 28179251 a prime number?
False
Is 4979426 prime?
False
Is 26931787 a prime number?
True
Is 39370561 a prime number?
True
Is 5130985 a prime number?
False
Is 1120607 prime?
True
Is 3791087 composite?
False
Is 372665801 a prime number?
False
Is 5344697 composite?
False
Is 40265009 a composite number?
True
Is 3873785 a prime number?
False
Is 50832401 a prime number?
True
Is 937484297 composite?
False
Is 51094429 composite?
True
Is 74339 prime?
False
Is 22194539 a prime number?
True
Is 704393 prime?
True
Is 6094709 composite?
True
Is 40739507 prime?
True
Is 5975233 a prime number?
False
Is 7564019 prime?
True
Is 5941501 a prime number?
True
Is 5281891 a composite number?
False
Is 4222619 prime?
True
Is 1467821 a prime number?
True
Is 16535578 composite?
True
Is 3911741 a prime number?
True
Is 1879133 a prime number?
False
Is 678590007 composite?
True
Is 10795031 composite?
True
Is 102925091 a prime number?
True
Is 61918717 prime?
False
Is 448033097 a prime number?
True
Is 40153591 composite?
False
Is 26787421 a composite number?
True
Is 30855577 a prime number?
False
Is 261425134 composite?
True
Is 5351209 prime?
False
Is 30525233 prime?
False
Is 7931713 composite?
False
Is 347214947 composite?
False
Is 30769 a prime number?
False
Is 568779 a prime number?
False
Is 2231171 a prime number?
True
Is 22050213 a prime number?
False
Is 86301547 composite?
False
Is 177621715 a composite number?
True
Is 2520509 a composite number?
True
Is 10572377 a composite number?
True
Is 2479751 prime?
True
Is 70185151 composite?
True
Is 170210533 composite?
False
Is 12651709 a prime number?
False
Is 593995337 prime?
False
Is 2968627 composite?
False
Is 1570037 prime?
False
Is 50247209 a prime number?
True
Is 77710709 prime?
False
Is 123113 a prime number?
True
Is 4488073 prime?
True
Is 1205987 a composite number?
True
Is 711793 composite?
False
Is 13023163 a prime number?
False
Is 167156033 a prime number?
False
Is 1877849 prime?
False
Is 943786 composite?
True
Is 1406803 prime?
True
Is 156327377 a composite number?
False
Is 96734861 prime?
True
Is 2965817 prime?
False
Is 54717826 composite?
True
Is 160618919 a composite number?
False
Is 2472791 prime?
True
Is 215008301 composite?
True
Is 51271343 prime?
True
Is 33069343 prime?
False
Is 1866307 a prime number?
True
Is 605859841 composite?
False
Is 5210107 a composite number?
True
Is 25720811 composite?
True
Is 32861299 composite?
True
Is 77317 prime?
True
Is 13717049 a composite number?
False
Is 109146593 a composite number?
True
Is 53186813 a prime number?
True
Is 138212311 composite?
False
Is 4412269 a prime number?
True
Is 162313993 composite?
False
Is 612707021 a composite number?
False
Is 963585647 a prime number?
True
Is 50946187 a prime number?
True
Is 76031807 composite?
False
Is 129520403 composite?
False
Is 1027783 prime?
True
Is 191281 a prime number?
True
Is 2344117 a composite number?
False
Is 51263771 prime?
False
Is 78675563 composite?
True
Is 11453107 composite?
False
Is 542401 a composite number?
False
Is 1736401 composite?
True
Is 248991739 prime?
False
Is 271985843 a composite number?
True
Is 38242 a prime number?
False
Is 48214193 a composite number?
True
Is 159606119 prime?
False
Is 35067563 composite?
False
Is 3390278 composite?
True
Is 370543 a composite number?
True
Is 560743 prime?
False
Is 19615931 prime?
False
Is 24374473 a prime number?
False
Is 42538121 composite?
False
Is 259059221 a prime number?
False
Is 10877617 a composite number?
False
Is 1111637 a composite number?
False
Is 27472037 prime?
True
Is 1555831 a composite number?
False
Is 1373027 prime?
True
Is 205144733 composite?
True
Is 11729093 prime?
True
Is 1947185 a composite number?
True
Is 11740241 composite?
True
Is 23713783 prime?
False
Is 8852681 a composite number?
False
Is 1370573 a composite number?
False
Is 5534729 prime?
True
Is 220027631 a composite number?
True
Is 20277869 a prime number?
True
Is 180687457 prime?
False
Is 1766939 composite?
False
Is 13869103 a prime number?
True
Is 14454529 composite?
False
Is 79057087 prime?
False
Is 1554559 composite?
False
Is 77695343 composite?
True
Is 298473818 a composite number?
True
Is 910093 prime?
True
Is 17905669 a prime number?
False
Is 14832883 a prime number?
False
Is 7631837 a composite number?
True
Is 73304645 a composite number?
True
Is 39069277 a composite number?
True
Is 376642511 a composite number?
True
Is 832999 a prime number?
False
Is 108655429 a composite number?
True
Is 259273277 prime?
True
Is 11732761 prime?
True
Is 3475141 composite?
False
Is 64547801 composite?
True
Is 19556393 a composite number?
False
Is 9734851 a prime number?
False
Is 1668347 a prime number?
True
Is 1347691 composite?
True
Is 221938547 composite?
False
Is 2819519 a composite number?
False
Is 11253691 a prime number?
True
Is 70542727 composite?
False
Is 1977929 a prime number?
True
Is 5420431 composite?
False
Is 17700959 composite?
False
Is 25924553 composite?
False
Is 3453997 a composite number?
False
Is 2278706 a prime number?
False
Is 20754842 prime?
False
Is 4154669 composite?
False
Is 2843249 composite?
False
Is 1749037 a composite number?
True
Is 431285 a prime number?
False
Is 7068381 a composite number?
True
Is 3721769 composite?
True
Is 5021779 a composite number?
True
Is 12906373 prime?
False
Is 527273 a composite number?
False
Is 507523 composite?
False
Is 140364401 a composite number?
False
Is 29048689 composite?
True
Is 49650761 prime?
False
Is 155046803 composite?
True
Is 2106977 a prime number?
False
Is 7418153 a prime number?
True
Is 3979427 a prime number?
True
Is 955486019 prime?
True
Is 145351993 prime?
True
Is 186703841 composite?
False
Is 20204979 prime?
False
Is 309079 prime?
True
Is 23782049 prime?
True
Is 440031881 a composite number?
False
Is 3987727 composite?
False
Is 227540983 prime?
True
Is 1413982587 a prime number?
False
Is 8843867 a composite number?
False
Is 8914403 prime?
True
Is 23957831 composite?
False
Is 900803 a composite number?
False
Is 1947574 composite?
True
Is 3019607 a composite number?
True
Is 145282913 a prime number?
True
Is 22781761 a prime number?
True
Is 284327461 a prime number?
False
Is 1350253 a composite number?
True
Is 41476873 prime?
False
Is 4266697 a composite number?
True
Is 5747279 a prime number?
True
Is 5723819 a composite number?
False
Is 22384415 a prime number?
False
Is 146462653 a prime number?
True
Is 4602953 a prime number?
False
Is 107501942 a composite number?
True
Is 244969797 prime?
False
Is 427298219 prime?
True
Is 178228634 a prime number?
False
Is 460787 a composite number?
False
Is 205519 a composite number?
False
Is 59293 prime?
False
Is 7849211 prime?
True
Is 21665713 a composite number?
False
Is 7553371 composite?
True
Is 104945839 composite?
False
Is 101028391 a composite number?
True
Is 20811214 a prime number?
False
Is 8842027 a composite number?
False
Is 121310515 a composite number?
True
Is 156726971 prime?
True
Is 2565473 a prime number?
False
Is 10919949 a prime number?
False
Is 133718423 a prime number?
False
Is 122434387 a prime number?
True
Is 4664357 a composite number?
False
Is 5673883 a composite number?
False
Is 44867063 a prime number?
False
Is 10165929 prime?
False
Is 35400797 a composite number?
True
Is 20909939 composite?
False
Is 63287053 a prime number?
False
Is 22827713 composite?
False
Is 38712143 a composite number?
False
Is 39695393 a prime number?
False
Is 5458771 composite?
False
Is 11157647 a prime number?
False
Is 38696869 a composite number?
False
Is 332386079 prime?
True
Is 462937 a prime number?
True
Is 12754822 composite?
True
Is 268685003 prime?
True
Is 13288193 a composite number?
False
Is 512790479 a prime number?
True
Is 10382933 a composite number?
True
Is 431423 prime?
True
Is 122381539 prime?
False
Is 150277 a prime number?
False
Is 18986689 a composite number?
False
Is 215356915 a composite number?
True
Is 8679241 composite?
True
Is 1631407 prime?
True
Is 2226299 composite?
True
Is 45129185 prime?
False
Is 9026918 prime?
False
Is 14571061 pri